{"id":21,"date":"2023-06-29T18:12:17","date_gmt":"2023-06-29T18:12:17","guid":{"rendered":"https:\/\/demo.saloufitnessmagazine.com\/?page_id=21"},"modified":"2023-06-29T19:40:44","modified_gmt":"2023-06-29T19:40:44","slug":"streaming","status":"publish","type":"page","link":"https:\/\/demo.saloufitnessmagazine.com\/index.php\/streaming\/","title":{"rendered":"Streaming"},"content":{"rendered":"<div class=\"wc_ppp_paywall wc_ppp_paywall_21\"><h1><span style=\"vertical-align: inherit;\"><span style=\"vertical-align: inherit;\">Vaya, contenido restringido<\/span><\/span><\/h1>\n<p><span style=\"vertical-align: inherit;\"><span style=\"vertical-align: inherit;\">Lo sentimos, pero esta publicaci\u00f3n est\u00e1 restringida a las personas que han comprado esta p\u00e1gina.<\/span><\/span><\/p>\n<p><span style=\"vertical-align: inherit;\"><span style=\"vertical-align: inherit;\">[ID de productos = '{{product_id}}']<\/span><\/span><\/p>\n<\/div>","protected":false},"excerpt":{"rendered":"<p>[el_cazador_refresh]<\/p>\n","protected":false},"author":1,"featured_media":0,"parent":0,"menu_order":0,"comment_status":"closed","ping_status":"closed","template":"","meta":{"_ppp_document_settings_meta":""},"_links":{"self":[{"href":"https:\/\/demo.saloufitnessmagazine.com\/index.php\/wp-json\/wp\/v2\/pages\/21"}],"collection":[{"href":"https:\/\/demo.saloufitnessmagazine.com\/index.php\/wp-json\/wp\/v2\/pages"}],"about":[{"href":"https:\/\/demo.saloufitnessmagazine.com\/index.php\/wp-json\/wp\/v2\/types\/page"}],"author":[{"embeddable":true,"href":"https:\/\/demo.saloufitnessmagazine.com\/index.php\/wp-json\/wp\/v2\/users\/1"}],"replies":[{"embeddable":true,"href":"https:\/\/demo.saloufitnessmagazine.com\/index.php\/wp-json\/wp\/v2\/comments?post=21"}],"version-history":[{"count":12,"href":"https:\/\/demo.saloufitnessmagazine.com\/index.php\/wp-json\/wp\/v2\/pages\/21\/revisions"}],"predecessor-version":[{"id":47,"href":"https:\/\/demo.saloufitnessmagazine.com\/index.php\/wp-json\/wp\/v2\/pages\/21\/revisions\/47"}],"wp:attachment":[{"href":"https:\/\/demo.saloufitnessmagazine.com\/index.php\/wp-json\/wp\/v2\/media?parent=21"}],"curies":[{"name":"wp","href":"https:\/\/api.w.org\/{rel}","templated":true}]}}